 i(-15). Let l = b - 229. Calculate the greatest common divisor of l and 20.
20
Let n be (1/2)/(20/2120). What is the highest common divisor of n and 848?
53
Let f = 24 - -130. What is the greatest common factor of f and 88?
22
Suppose 3*f - 31 = -4*c - 2, 2*c = 4*f - 68. Let u be (-4 - (0 - 0))/(-1). Suppose -u*p + 17 = -3. What is the highest common factor of f and p?
5
Let z(t) = -9*t - 110. Let m be z(-18). What is the highest common divisor of 156 and m?
52
Let q = -233 - -245. What is the greatest common divisor of q and 84?
12
Let g = -1 + -1. Let m be ((-16)/5 - g)*-35. Let u = -2813 - -2918. What is the greatest common divisor of u and m?
21
Let z = 772 + -508. What is the greatest common divisor of z and 24?
24
Let b(u) = -u. Let v be b(-2). Let t(z) = z**3 + 10*z**2 + 12*z - 22. Let x be t(-8). Calculate the greatest common divisor of x and v.
2
Let d(q) = q + 19. Let u be d(-14). Suppose -u = -4*s + 3*s. Let t(v) = 2*v**2 + 4*v + 4. Let p be t(-3). What is the highest common divisor of s and p?
5
Suppose 71*l = 65*l + 396. What is the highest common factor of l and 638?
22
Suppose 4*i = -2*j + 1186, 0 = i - 2*j + 49 - 338. Calculate the greatest common divisor of 413 and i.
59
Let a(p) = 35*p**2 + p. Let h be a(1). Suppose 2*o + h = o. Let g be 18*(o/(-8) - -1). Calculate the highest common factor of 11 and g.
11
Suppose -28 = -7*c - 7. Suppose -c*h = 4*i - 13, h - 3*i - 6 = -2*h. What is the highest common divisor of 51 and h?
3
Let r be (-3 + 6/9)/(5/(-270)). What is the greatest common divisor of r and 210?
42
Suppose 0 = 5*j + 4*p + p + 5, 12 = -3*p. Suppose -315 = 3*z - 3*k - 0*k, -316 = j*z - 4*k. Let o = -74 - z. What is the greatest common factor of 15 and o?
15
Suppose -4*f = 3*y + 84, 3*f + 66 = -4*y + y. Let m = -6 - f. What is the highest common factor of 30 and m?
6
Suppose -i + 307*c = 309*c - 22, 0 = -3*i - 4*c + 72. What is the greatest common factor of i and 7?
7
Suppose 0 = -6*d + 11*d. Suppose -2*p + 54 = -d*p. What is the greatest common divisor of p and 135?
27
Suppose -v - 3*o = -375, -2*v + 4*o - 304 + 1084 = 0. What is the highest common factor of v and 24?
24
Suppose 18*a - 45 = 15*a. Let t(v) = 9*v**2 - v. Let o be t(-1). What is the greatest common factor of o and a?
5
Let d be 1/1 - (-5)/5. Let k(z) = z**2 + 6*z - 2*z**d - 14 - z**3 + 15*z**2. Let u be k(14). Calculate the greatest common factor of u and 7.
7
Let z be (-10)/(-3) + 4/6. Let p be 26/z - 4/8. Let m be (6 + -21)/(10/(-12)). Calculate the greatest common factor of m and p.
6
Let s(m) = 6 + m + m**2 - 7*m + 9*m. Let i be s(-4). Calculate the highest common divisor of i and 10.
10
Let x(g) = 5*g. Let q be x(18). Suppose 2*h = 4*h - 10. Let a = h + 25. What is the greatest common divisor of q and a?
30
Let i be (-15)/6*(0 - -2). Let v(b) = -b**3 - 3*b**2 + 6*b + 4. Let u be v(i). What is the highest common factor of 6 and u?
6
Suppose -u + 2 = g + g, -2*g + 4*u = -22. Let b be (49/g)/(-1)*-3. Suppose -3*t + 145 = b. What is the greatest common divisor of 224 and t?
32
Let u be 8 - 4 - (-372)/2. Suppose -u = -0*c - 2*c. Let d be (-3 - -2)*-1*c. Calculate the greatest common divisor of 19 and d.
19
Let v = 169 - 126. What is the greatest common factor of v and 43?
43
Let x be (-2)/6 - 13/(-3). Suppose -287 = x*q - 727. Suppose o - 132 = -11*o. What is the greatest common divisor of q and o?
11
Let p = -666 + 1044. What is the greatest common factor of p and 42?
42
Let w(l) = 6*l**2 - 10*l - 28. Let i be w(-3). What is the highest common factor of i and 8?
8
Suppose 82 = -4*m + 338. Suppose -m*i - 25 = -69*i. Calculate the highest common divisor of i and 10.
5
Let a(f) = -118*f - 22. Let v be a(-4). What is the highest common divisor of v and 180?
90
Suppose 15*g - 13*g = d - 42, 0 = 2*d - 5*g - 81. Calculate the highest common factor of 24 and d.
24
Let v = -142 - -70. Let g = 149 + v. Let c = -2282 - -2289. Calculate the greatest common factor of c and g.
7
Let q be -17*-4*(-4)/(-16). What is the highest common factor of 85 and q?
17
Let c = -3 + 8. Suppose -2*j + 2*t + 54 = c*t, -3*j + 80 = 5*t. Suppose 44 = 5*i - 4*n, -n + 0 - 8 = -i. What is the highest common factor of j and i?
6
Suppose 0 = -5*t - 3*h + 22, -5*t + 2 = 3*h - 5*h. What is the highest common factor of t and 8?
2
Let i be 8055/225 - (9/5 - 1). Calculate the highest common divisor of 7 and i.
7
Suppose -x - 88 = -2*x. Suppose x = 4*t + 12. Let g = t + -3. What is the highest common divisor of 8 and g?
8
Let i = 11 - -19. Let r = 42 - i. Let v(s) = 3*s**2 + 5*s - 2. Let n be v(-5). What is the greatest common divisor of r and n?
12
Let x = 6 + -6. Let g be x - -1 - 15/(-1). Let k = -75 - -91. What is the greatest common factor of k and g?
16
Let z(t) = -2 + 0 - 3*t**2 + 6 - t**3 + 8*t. Let q be z(-5). Let k(j) = 3*j**2 + 122*j + 29. Let a be k(-41). Calculate the greatest common divisor of q and a.
14
Let k be (-7 + 8)*(-5)/((-20)/1696). Calculate the greatest common factor of k and 8.
8
Let u(b) = b**2 + 2*b + 1. Let k be u(-1). Suppose 2*j + f + 54 = 5*j, f = k. Let q be ((-5)/(-3))/(1/j). What is the highest common factor of q and 20?
10
Let s be ((-480)/(-9))/(-10)*966/(-8). Calculate the greatest common divisor of s and 7.
7
Let c = -9 + 15. Suppose -3*d - 2*l = -20, 3*d + l - 13 = c. Let f be (-4 + (-50)/d)*-3. Calculate the highest common divisor of 148 and f.
37
Suppose 0 = 3*g + 5*p - 142, g + 4*p + 7 = 59. What is the highest common divisor of 506 and g?
22
Let h(x) = 7*x**2 - x. Let r be h(2). Suppose 43*w - 254 = 39*w - 3*k, 2*k + 264 = 4*w. Calculate the highest common divisor of r and w.
13
Suppose 4*k + 4*u + 96 = 0, 0*k - 128 = 5*k - 3*u. Let j = k - -71. Let v be (92/6)/(2/15). Calculate the highest common divisor of v and j.
23
Suppose 3*u - 13 = u + 3*m, 2*u = -2*m + 38. Let w be (-1)/(-4) - (-279)/4. Calculate the greatest common factor of w and u.
14
Let k(v) = -v**2 - 8*v - 8. Let z be k(-5). Let j = 16 - z. Let g = 16 - 7. Calculate the highest common divisor of g and j.
9
Suppose 2*a = 4*o + 4, 8*a - 4*a + 3 = -3*o. Let f be a - (-163 + -3 + 1). Calculate the greatest common factor of f and 66.
33
Suppose 140*c = 160*c - 9200. Calculate the highest common divisor of c and 20.
20
Suppose -4*i + 41 = 4*d - 71, 32 = 2*i - 4*d. What is the greatest common divisor of i and 156?
12
Suppose 3*c - 10 + 4 = -3*i, -3*i + 10 = 5*c. Suppose i = 3*h - 66. Let r be (130/(-5) - -4)/(-2). What is the highest common divisor of r and h?
11
Suppose -3*s = 3*i + 396, -2*s + 0*s + 401 = -3*i. Let z = i + 304. Calculate the highest common factor of 19 and z.
19
Let u = -656 + 674. Calculate the greatest common divisor of 288 and u.
18
Suppose 5*p = 3*u - 2*u - 345, 0 = -4*p + 2*u - 270. Let d = p + 160. Let v = 4 - -6. Calculate the highest common divisor of v and d.
10
Let v be -293*(-29 + 29 - 22/2). Calculate the highest common factor of v and 11.
11
Let f = -542 - -560. Calculate the highest common divisor of f and 27.
9
Let h = -7 - -9. Suppose -2*f - u = 5, f = -h*u - 0*u - 7. Let s be ((-42)/18)/(f/3). Calculate the highest common divisor of 63 and s.
7
Let l(g) = -g**3 - 13*g**2 - 11*g + 16. Let c be l(-12). Suppose 5*b - 11 = c. What is the highest common factor of b and 15?
3
Let n be ((-1)/(-2))/((-3)/(-6))*-36. Let z = n + 57. Calculate the greatest common divisor of 21 and z.
21
Let z be (32/(-20))/(1/(10/(-4))). Let c(b) = -b**3 + 5*b**2 - 3*b + 1. Let x be c(z). What is the highest common factor of 40 and x?
5
Let o(t) = t**2 + t - 33. Let s be o(10). Calculate the highest common divisor of 22 and s.
11
Let g(d) = -2*d - 5. Let l be g(5). Let a be l*4*(-3)/30. What is the highest common divisor of a and 3?
3
Let v = 5 - -7. Suppose -p + v = 3*p. Suppose -38 = u - p*u. What is the highest common factor of 19 and u?
19
Suppose 6*k = k + 5*u + 2480, k - 488 = 3*u. What is the greatest common divisor of 30 and k?
10
Let l(y) = y**3 + 7*y**2 + 8*y - 1. Let q be l(-5). Suppose 2*r - r = 5*t + 27, -2*t = 0. Let o = r - 0. Calculate the highest common factor of o and q.
9
Let n be ((-2)/4)/((-51)/1530). Calculate the greatest common factor of 55 and n.
5
Let y be (-18)/8*(-128)/(-3). Let d = -21 - y. Calculate the highest common factor of 50 and d.
25
Suppose -4*t - 